{"id":8,"date":"2020-11-03T23:22:30","date_gmt":"2020-11-03T23:22:30","guid":{"rendered":"http:\/\/gpingenieria.cl\/?page_id=8"},"modified":"2020-11-12T23:37:43","modified_gmt":"2020-11-12T23:37:43","slug":"inicio","status":"publish","type":"page","link":"https:\/\/gpingenieria.cl\/","title":{"rendered":"Inicio"},"content":{"rendered":"<p>[et_pb_section fb_built=\u00bb1&#8243; custom_padding_last_edited=\u00bbon|tablet\u00bb admin_label=\u00bbHero\u00bb _builder_version=\u00bb4.4.8&#8243; use_background_color_gradient=\u00bbon\u00bb background_color_gradient_start=\u00bb#001b56&#8243; background_color_gradient_end=\u00bb#0e4de3&#8243; background_color_gradient_start_position=\u00bb28%\u00bb background_image=\u00bbhttp:\/\/gpingenieria.cl\/wp-content\/uploads\/2020\/11\/robotics-05-1.png\u00bb background_size=\u00bbinitial\u00bb background_position=\u00bbbottom_right\u00bb width=\u00bb90%\u00bb custom_margin=\u00bb||||false|false\u00bb custom_margin_last_edited=\u00bboff|tablet\u00bb custom_padding=\u00bb8vw||0px|10vw|false|false\u00bb custom_padding_tablet=\u00bb|10vw||10vw|false|true\u00bb custom_padding_phone=\u00bb\u00bb locked=\u00bboff\u00bb][et_pb_row column_structure=\u00bb3_5,2_5&#8243; _builder_version=\u00bb4.4.8&#8243; width=\u00bb100%\u00bb min_height=\u00bb508px\u00bb][et_pb_column type=\u00bb3_5&#8243; _builder_version=\u00bb4.4.7&#8243;][et_pb_text _builder_version=\u00bb4.5.1&#8243; text_font=\u00bbExo 2|||on|||||\u00bb text_text_color=\u00bb#fdba5f\u00bb text_letter_spacing=\u00bb1px\u00bb]<\/p>\n<p>Bienvenidos<\/p>\n<p>[\/et_pb_text][et_pb_text _builder_version=\u00bb4.5.1&#8243; header_font=\u00bbBungee Hairline|600|||||||\u00bb header_font_size=\u00bb72px\u00bb background_layout=\u00bbdark\u00bb header_font_size_tablet=\u00bb48px\u00bb header_font_size_phone=\u00bb28px\u00bb header_font_size_last_edited=\u00bbon|desktop\u00bb custom_margin=\u00bb|-140px||||\u00bb]<\/p>\n<h1>gP ingenier\u00eda y servicios<\/h1>\n<p>&nbsp;<\/p>\n<p>[\/et_pb_text][et_pb_text _builder_version=\u00bb4.4.8&#8243; text_font=\u00bbPT Sans||||||||\u00bb text_font_size=\u00bb18px\u00bb text_line_height=\u00bb1.8em\u00bb background_layout=\u00bbdark\u00bb max_width=\u00bb500px\u00bb text_font_size_tablet=\u00bb15px\u00bb text_font_size_phone=\u00bb14px\u00bb text_font_size_last_edited=\u00bbon|phone\u00bb]<\/p>\n<p><span style=\"font-size: x-large;\">Servicios de automatizaci\u00f3n, control y montaje industrial.<\/span><\/p>\n<p>[\/et_pb_text][\/et_pb_column][et_pb_column type=\u00bb2_5&#8243; _builder_version=\u00bb4.4.7&#8243;][\/et_pb_column][\/et_pb_row][\/et_pb_section][et_pb_section fb_built=\u00bb1&#8243; custom_padding_last_edited=\u00bbon|phone\u00bb admin_label=\u00bbFeatures\u00bb _builder_version=\u00bb4.4.8&#8243; use_background_color_gradient=\u00bbon\u00bb background_color_gradient_start=\u00bb#001b56&#8243; background_color_gradient_end=\u00bb#01217d\u00bb background_image=\u00bbhttp:\/\/gpingenieria.cl\/wp-content\/uploads\/2020\/11\/robotics-12.png\u00bb background_size=\u00bbcontain\u00bb background_position=\u00bbtop_left\u00bb width=\u00bb90%\u00bb width_tablet=\u00bb100%\u00bb width_phone=\u00bb100%\u00bb width_last_edited=\u00bbon|tablet\u00bb module_alignment=\u00bbright\u00bb custom_margin=\u00bb||100px||false|false\u00bb custom_padding=\u00bb|10vw|||false|false\u00bb custom_padding_tablet=\u00bb|0vw|||false|false\u00bb custom_padding_phone=\u00bb|0vw|||false|false\u00bb background_last_edited=\u00bbon|phone\u00bb background_enable_image_tablet=\u00bboff\u00bb background_enable_image_phone=\u00bboff\u00bb background_size_tablet=\u00bbcontain\u00bb locked=\u00bboff\u00bb][et_pb_row _builder_version=\u00bb4.4.8&#8243;][et_pb_column type=\u00bb4_4&#8243; _builder_version=\u00bb4.4.8&#8243;][et_pb_text _builder_version=\u00bb4.7.0&#8243; text_font=\u00bbExo 2|||on|||||\u00bb text_text_color=\u00bb#fdba5f\u00bb text_letter_spacing=\u00bb1px\u00bb text_orientation=\u00bbcenter\u00bb locked=\u00bboff\u00bb]<\/p>\n<p>Servicios<\/p>\n<p>[\/et_pb_text][et_pb_text _builder_version=\u00bb4.4.8&#8243; header_2_font=\u00bbExo 2|600|||||||\u00bb header_2_text_align=\u00bbcenter\u00bb header_2_font_size=\u00bb48px\u00bb header_2_line_height=\u00bb1.3em\u00bb background_layout=\u00bbdark\u00bb header_2_font_size_tablet=\u00bb32px\u00bb header_2_font_size_phone=\u00bb20px\u00bb header_2_font_size_last_edited=\u00bbon|phone\u00bb locked=\u00bboff\u00bb header_2_2_font_size_tablet=\u00bb32px\u00bb header_3_2_font_size_tablet=\u00bb32px\u00bb header_4_2_font_size_tablet=\u00bb32px\u00bb header_5_2_font_size_tablet=\u00bb32px\u00bb header_6_2_font_size_tablet=\u00bb32px\u00bb header_2_2_font_size_phone=\u00bb20px\u00bb header_3_2_font_size_phone=\u00bb20px\u00bb header_4_2_font_size_phone=\u00bb20px\u00bb header_5_2_font_size_phone=\u00bb20px\u00bb header_6_2_font_size_phone=\u00bb20px\u00bb header_2_2_font_size_last_edited=\u00bbon|phone\u00bb header_3_2_font_size_last_edited=\u00bbon|phone\u00bb header_4_2_font_size_last_edited=\u00bbon|phone\u00bb header_5_2_font_size_last_edited=\u00bbon|phone\u00bb header_6_2_font_size_last_edited=\u00bbon|phone\u00bb]<\/p>\n<h2>\u00bfQu\u00e9 puede hacer GP Ingenier\u00eda por ti?<\/h2>\n<p>[\/et_pb_text][\/et_pb_column][\/et_pb_row][et_pb_row column_structure=\u00bb1_2,1_2&#8243; use_custom_gutter=\u00bbon\u00bb gutter_width=\u00bb2&#8243; _builder_version=\u00bb4.4.8&#8243; width=\u00bb90%\u00bb width_tablet=\u00bb\u00bb width_phone=\u00bb80%\u00bb width_last_edited=\u00bbon|phone\u00bb][et_pb_column type=\u00bb1_2&#8243; _builder_version=\u00bb4.4.8&#8243;][et_pb_blurb title=\u00bbAutomatizaci\u00f3n y Control Industrial\u00a0\u00bb image=\u00bbhttp:\/\/gpingenieria.cl\/wp-content\/uploads\/2020\/11\/robotics-illustrated-icon-21.png\u00bb icon_placement=\u00bbleft\u00bb image_max_width=\u00bb96px\u00bb content_max_width=\u00bb100%\u00bb image_max_width_tablet=\u00bb64px\u00bb image_max_width_phone=\u00bb32px\u00bb image_max_width_last_edited=\u00bbon|phone\u00bb _builder_version=\u00bb4.4.8&#8243; header_font=\u00bbExo 2||||||||\u00bb header_text_color=\u00bb#001955&#8243; body_font=\u00bbPT Sans||||||||\u00bb body_text_color=\u00bb#62748a\u00bb background_color=\u00bb#ffffff\u00bb custom_padding=\u00bb30px|30px|30px|30px|true|true\u00bb animation=\u00bboff\u00bb border_radii=\u00bbon|5px|5px|5px|5px\u00bb box_shadow_style=\u00bbpreset3&#8243; box_shadow_vertical=\u00bb60px\u00bb box_shadow_blur=\u00bb80px\u00bb box_shadow_spread=\u00bb-10px\u00bb box_shadow_color=\u00bbrgba(98,116,138,0.2)\u00bb]<\/p>\n<p>Dise\u00f1o y construcci\u00f3n de tableros el\u00e9ctricos,\u00a0 Programaci\u00f3n de PLC y software HMI, Variadores de frecuencia.\u00a0<\/p>\n<p>[\/et_pb_blurb][\/et_pb_column][et_pb_column type=\u00bb1_2&#8243; _builder_version=\u00bb4.4.8&#8243;][et_pb_blurb title=\u00bbServicios de Mantenci\u00f3n Industrial\u00bb image=\u00bbhttp:\/\/gpingenieria.cl\/wp-content\/uploads\/2020\/11\/depositphotos_38137947-stock-illustration-maintenance-icon-with-hand-wrench.jpg\u00bb icon_placement=\u00bbleft\u00bb image_max_width=\u00bb96px\u00bb content_max_width=\u00bb100%\u00bb image_max_width_tablet=\u00bb64px\u00bb image_max_width_phone=\u00bb32px\u00bb image_max_width_last_edited=\u00bbon|phone\u00bb _builder_version=\u00bb4.7.0&#8243; header_font=\u00bbExo 2||||||||\u00bb header_text_color=\u00bb#001955&#8243; body_font=\u00bbPT Sans||||||||\u00bb body_text_color=\u00bb#62748a\u00bb background_color=\u00bb#ffffff\u00bb custom_padding=\u00bb30px|30px|30px|30px|true|true\u00bb animation=\u00bboff\u00bb hover_enabled=\u00bb0&#8243; border_radii=\u00bbon|5px|5px|5px|5px\u00bb box_shadow_style=\u00bbpreset3&#8243; box_shadow_vertical=\u00bb60px\u00bb box_shadow_blur=\u00bb80px\u00bb box_shadow_spread=\u00bb-10px\u00bb box_shadow_color=\u00bbrgba(98,116,138,0.2)\u00bb locked=\u00bboff\u00bb title_text=\u00bbdepositphotos_38137947-stock-illustration-maintenance-icon-with-hand-wrench\u00bb sticky_enabled=\u00bb0&#8243;]<\/p>\n<p>Revisi\u00f3n, mantenci\u00f3n y regularizaci\u00f3n de tableros el\u00e9ctricos; motores el\u00e9ctricos, maquinaria de procesos.<\/p>\n<p>[\/et_pb_blurb][\/et_pb_column][\/et_pb_row][et_pb_row column_structure=\u00bb1_2,1_2&#8243; use_custom_gutter=\u00bbon\u00bb gutter_width=\u00bb2&#8243; _builder_version=\u00bb4.7.0&#8243; width=\u00bb90%\u00bb width_tablet=\u00bb\u00bb width_phone=\u00bb80%\u00bb width_last_edited=\u00bbon|phone\u00bb custom_padding=\u00bb0px|||||\u00bb][et_pb_column type=\u00bb1_2&#8243; _builder_version=\u00bb4.4.8&#8243;][et_pb_blurb title=\u00bbDom\u00f3tica\u00bb image=\u00bbhttp:\/\/gpingenieria.cl\/wp-content\/uploads\/2020\/11\/diseno-domotica_24911-26948.jpg\u00bb icon_placement=\u00bbleft\u00bb image_max_width=\u00bb96px\u00bb content_max_width=\u00bb100%\u00bb image_max_width_tablet=\u00bb64px\u00bb image_max_width_phone=\u00bb32px\u00bb image_max_width_last_edited=\u00bbon|phone\u00bb _builder_version=\u00bb4.7.0&#8243; header_font=\u00bbExo 2||||||||\u00bb header_text_color=\u00bb#001955&#8243; body_font=\u00bbPT Sans||||||||\u00bb body_text_color=\u00bb#62748a\u00bb background_color=\u00bb#ffffff\u00bb custom_padding=\u00bb30px|30px|30px|30px|true|true\u00bb animation=\u00bboff\u00bb hover_enabled=\u00bb0&#8243; border_radii=\u00bbon|5px|5px|5px|5px\u00bb box_shadow_style=\u00bbpreset3&#8243; box_shadow_vertical=\u00bb60px\u00bb box_shadow_blur=\u00bb80px\u00bb box_shadow_spread=\u00bb-10px\u00bb box_shadow_color=\u00bbrgba(98,116,138,0.2)\u00bb sticky_enabled=\u00bb0&#8243; title_text=\u00bbdiseno-domotica_24911-26948&#8243;]<\/p>\n<p>Sistemas de seguridad domiciliaria y televigilancia.<\/p>\n<p>[\/et_pb_blurb][\/et_pb_column][et_pb_column type=\u00bb1_2&#8243; _builder_version=\u00bb4.4.8&#8243;][et_pb_blurb title=\u00bbInstrumentaci\u00f3n Industrial\u00bb image=\u00bbhttp:\/\/gpingenieria.cl\/wp-content\/uploads\/2020\/11\/C-ROM-FLUJOMETRO-MAGNETICO-GOMA-DURA-SERIE-K-1.pdf-Foxit-Reader-200&#215;200-1.jpg\u00bb icon_placement=\u00bbleft\u00bb image_max_width=\u00bb96px\u00bb content_max_width=\u00bb100%\u00bb image_max_width_tablet=\u00bb64px\u00bb image_max_width_phone=\u00bb32px\u00bb image_max_width_last_edited=\u00bbon|phone\u00bb _builder_version=\u00bb4.7.0&#8243; header_font=\u00bbExo 2||||||||\u00bb header_text_color=\u00bb#001955&#8243; body_font=\u00bbPT Sans||||||||\u00bb body_text_color=\u00bb#62748a\u00bb background_color=\u00bb#ffffff\u00bb custom_padding=\u00bb30px|30px|30px|30px|true|true\u00bb animation=\u00bboff\u00bb hover_enabled=\u00bb0&#8243; border_radii=\u00bbon|5px|5px|5px|5px\u00bb box_shadow_style=\u00bbpreset3&#8243; box_shadow_vertical=\u00bb60px\u00bb box_shadow_blur=\u00bb80px\u00bb box_shadow_spread=\u00bb-10px\u00bb box_shadow_color=\u00bbrgba(98,116,138,0.2)\u00bb locked=\u00bboff\u00bb sticky_enabled=\u00bb0&#8243; title_text=\u00bbC-ROM-FLUJOMETRO-MAGNETICO-GOMA-DURA-SERIE-K-1.pdf-Foxit-Reader-200&#215;200-1&#8243;]<\/p>\n<p>Asesor\u00eda en Instrumentaci\u00f3n y elementos de control.<\/p>\n<p>[\/et_pb_blurb][\/et_pb_column][\/et_pb_row][\/et_pb_section]<\/p>\n","protected":false},"excerpt":{"rendered":"<p>[et_pb_section fb_built=\u00bb1&#8243; custom_padding_last_edited=\u00bbon|tablet\u00bb admin_label=\u00bbHero\u00bb _builder_version=\u00bb4.4.8&#8243; use_background_color_gradient=\u00bbon\u00bb background_color_gradient_start=\u00bb#001b56&#8243; background_color_gradient_end=\u00bb#0e4de3&#8243; background_color_gradient_start_position=\u00bb28%\u00bb background_image=\u00bbhttp:\/\/gpingenieria.cl\/wp-content\/uploads\/2020\/11\/robotics-05-1.png\u00bb background_size=\u00bbinitial\u00bb background_position=\u00bbbottom_right\u00bb width=\u00bb90%\u00bb custom_margin=\u00bb||||false|false\u00bb custom_margin_last_edited=\u00bboff|tablet\u00bb custom_padding=\u00bb8vw||0px|10vw|false|false\u00bb custom_padding_tablet=\u00bb|10vw||10vw|false|true\u00bb custom_padding_phone=\u00bb\u00bb locked=\u00bboff\u00bb][et_pb_row column_structure=\u00bb3_5,2_5&#8243; _builder_version=\u00bb4.4.8&#8243; width=\u00bb100%\u00bb min_height=\u00bb508px\u00bb][et_pb_column type=\u00bb3_5&#8243; _builder_version=\u00bb4.4.7&#8243;][et_pb_text _builder_version=\u00bb4.5.1&#8243; text_font=\u00bbExo 2|||on|||||\u00bb text_text_color=\u00bb#fdba5f\u00bb text_letter_spacing=\u00bb1px\u00bb] Bienvenidos [\/et_pb_text][et_pb_text _builder_version=\u00bb4.5.1&#8243; header_font=\u00bbBungee Hairline|600|||||||\u00bb header_font_size=\u00bb72px\u00bb background_layout=\u00bbdark\u00bb header_font_size_tablet=\u00bb48px\u00bb header_font_size_phone=\u00bb28px\u00bb header_font_size_last_edited=\u00bbon|desktop\u00bb custom_margin=\u00bb|-140px||||\u00bb] gP ingenier\u00eda y servicios &nbsp; [\/et_pb_text][et_pb_text _builder_version=\u00bb4.4.8&#8243; text_font=\u00bbPT Sans||||||||\u00bb text_font_size=\u00bb18px\u00bb text_line_height=\u00bb1.8em\u00bb background_layout=\u00bbdark\u00bb max_width=\u00bb500px\u00bb text_font_size_tablet=\u00bb15px\u00bb [&hellip;]<\/p>\n","protected":false},"author":1,"featured_media":0,"parent":0,"menu_order":0,"comment_status":"closed","ping_status":"closed","template":"","meta":{"_et_pb_use_builder":"on","_et_pb_old_content":"","_et_gb_content_width":""},"_links":{"self":[{"href":"https:\/\/gpingenieria.cl\/index.php\/wp-json\/wp\/v2\/pages\/8"}],"collection":[{"href":"https:\/\/gpingenieria.cl\/index.php\/wp-json\/wp\/v2\/pages"}],"about":[{"href":"https:\/\/gpingenieria.cl\/index.php\/wp-json\/wp\/v2\/types\/page"}],"author":[{"embeddable":true,"href":"https:\/\/gpingenieria.cl\/index.php\/wp-json\/wp\/v2\/users\/1"}],"replies":[{"embeddable":true,"href":"https:\/\/gpingenieria.cl\/index.php\/wp-json\/wp\/v2\/comments?post=8"}],"version-history":[{"count":22,"href":"https:\/\/gpingenieria.cl\/index.php\/wp-json\/wp\/v2\/pages\/8\/revisions"}],"predecessor-version":[{"id":98,"href":"https:\/\/gpingenieria.cl\/index.php\/wp-json\/wp\/v2\/pages\/8\/revisions\/98"}],"wp:attachment":[{"href":"https:\/\/gpingenieria.cl\/index.php\/wp-json\/wp\/v2\/media?parent=8"}],"curies":[{"name":"wp","href":"https:\/\/api.w.org\/{rel}","templated":true}]}}